{"id":10832,"date":"2021-05-24T18:05:32","date_gmt":"2021-05-24T18:05:32","guid":{"rendered":"https:\/\/dev.invictaelectric.is\/?post_type=product&#038;p=10832"},"modified":"2021-06-16T16:59:40","modified_gmt":"2021-06-16T16:59:40","slug":"micro-merlin","status":"publish","type":"product","link":"https:\/\/invictaelectric.is\/index.php\/product\/micro-merlin\/","title":{"rendered":"Micro Merlin"},"content":{"rendered":"<p>&nbsp;<\/p>\n<table style=\"height: 460px;\" width=\"1294\">\n<tbody>\n<tr>\n<td width=\"1281\"><strong>\u00cd bo\u00f0i \u00ed fors\u00f6lu, fyrsta sending lendir \u00ed annari viku j\u00fan\u00ed!<\/strong><\/p>\n<p><strong>Sterkasta rafmagnshlaupahj\u00f3li\u00f0 fyrir krakka og unglinga<\/strong><\/p>\n<p>Invicta Electric Micro Merlin er sm\u00ed\u00f0a\u00f0 \u00far h\u00e1g\u00e6\u00f0a \u00e1li r\u00e9tt eins og Explorer br\u00f3\u00f0ir hans, me\u00f0 l\u00e1marks magni af plasti til a\u00f0 sj\u00e1 til \u00feess a\u00f0 g\u00f3\u00f0 ending s\u00e9 \u00e1 hlaupahj\u00f3linu. Hlaupahj\u00f3li\u00f0 hefur einnig innbygg\u00f0a fj\u00f6\u00f0run a\u00f0 framan sem h\u00e6gt er a\u00f0 stilla eftir \u00feyngd og tryggir \u00fe\u00e6gindi \u00e1 gr\u00f3fari vegum. Skj\u00e1rinn s\u00fdnir hitastig, hra\u00f0a og hle\u00f0slu hlaupahj\u00f3lsins. G\u00f3\u00f0 l\u00fdsing er \u00e1 hj\u00f3linu a\u00f0 framan og aftan til a\u00f0 hj\u00f3li\u00f0 s\u00e9 s\u00fdnilegra og \u00f6ruggara s\u00e9 a\u00f0 keyra \u00ed myrkri.<\/p>\n<p><strong>T\u00e6knisl\u00fdsing<\/strong><\/p>\n<ul>\n<li>25km\/h h\u00e1markshra\u00f0i<\/li>\n<li>25 km dr\u00e6gni<\/li>\n<li>Uppl\u00fdsingaskj\u00e1r<\/li>\n<li>Fj\u00f6\u00f0run framan og aftan<\/li>\n<li>500w m\u00f3tor<\/li>\n<li>280Wh rafhla\u00f0a<\/li>\n<li>100kg bur\u00f0argeta<\/li>\n<li>12kg \u00feyngd<\/li>\n<li>Hle\u00f0lsut\u00edmi 3.5klst<\/li>\n<\/ul>\n<p><span style=\"text-decoration: underline; color: #0000ff;\"><strong><a style=\"color: #0000ff; text-decoration: underline;\" href=\"https:\/\/issuu.com\/hallih\/docs\/merlin_lei_beiningar?fr=sNzJjMzM4NDYxMzg\" target=\"_blank\" rel=\"noopener\">Notendalei\u00f0beiningar<\/a><\/strong><\/span><\/td>\n<\/tr>\n<\/tbody>\n<\/table>\n","protected":false},"excerpt":{"rendered":"<p>&nbsp; \u00cd bo\u00f0i \u00ed fors\u00f6lu, fyrsta sending lendir \u00ed annari viku j\u00fan\u00ed! Sterkasta rafmagnshlaupahj\u00f3li\u00f0 fyrir krakka og unglinga Invicta Electric<\/p>\n","protected":false},"featured_media":11089,"template":"","meta":[],"product_cat":[220],"product_tag":[],"class_list":["post-10832","product","type-product","status-publish","has-post-thumbnail","hentry","product_cat-rafhlaupahjol"],"yoast_head":"<!-- This site is optimized with the Yoast SEO plugin v20.2.1 - https:\/\/yoast.com\/wordpress\/plugins\/seo\/ -->\n<title>Micro Merlin - Invicta electric \u00e1 \u00cdslandi<\/title>\n<meta name=\"robots\" content=\"noindex, follow, max-snippet:-1, max-image-preview:large, max-video-preview:-1\" \/>\n<meta property=\"og:locale\" content=\"is_IS\" \/>\n<meta property=\"og:type\" content=\"article\" \/>\n<meta property=\"og:title\" content=\"Micro Merlin - Invicta electric \u00e1 \u00cdslandi\" \/>\n<meta property=\"og:description\" content=\"&nbsp; \u00cd bo\u00f0i \u00ed fors\u00f6lu, fyrsta sending lendir \u00ed annari viku j\u00fan\u00ed! Sterkasta rafmagnshlaupahj\u00f3li\u00f0 fyrir krakka og unglinga Invicta Electric\" \/>\n<meta property=\"og:url\" content=\"https:\/\/invictaelectric.is\/index.php\/product\/micro-merlin\/\" \/>\n<meta property=\"og:site_name\" content=\"Invicta electric \u00e1 \u00cdslandi\" \/>\n<meta property=\"article:modified_time\" content=\"2021-06-16T16:59:40+00:00\" \/>\n<meta property=\"og:image\" content=\"https:\/\/invictaelectric.is\/wp-content\/uploads\/2021\/05\/MicroMerlinSide.jpg\" \/>\n\t<meta property=\"og:image:width\" content=\"1600\" \/>\n\t<meta property=\"og:image:height\" content=\"1068\" \/>\n\t<meta property=\"og:image:type\" content=\"image\/jpeg\" \/>\n<meta name=\"twitter:card\" content=\"summary_large_image\" \/>\n<meta name=\"twitter:label1\" content=\"Est. reading time\" \/>\n\t<meta name=\"twitter:data1\" content=\"1 minute\" \/>\n<script type=\"application\/ld+json\" class=\"yoast-schema-graph\">{\"@context\":\"https:\/\/schema.org\",\"@graph\":[{\"@type\":\"WebPage\",\"@id\":\"https:\/\/invictaelectric.is\/index.php\/product\/micro-merlin\/\",\"url\":\"https:\/\/invictaelectric.is\/index.php\/product\/micro-merlin\/\",\"name\":\"Micro Merlin - Invicta electric \u00e1 \u00cdslandi\",\"isPartOf\":{\"@id\":\"https:\/\/invictaelectric.is\/#website\"},\"datePublished\":\"2021-05-24T18:05:32+00:00\",\"dateModified\":\"2021-06-16T16:59:40+00:00\",\"breadcrumb\":{\"@id\":\"https:\/\/invictaelectric.is\/index.php\/product\/micro-merlin\/#breadcrumb\"},\"inLanguage\":\"is\",\"potentialAction\":[{\"@type\":\"ReadAction\",\"target\":[\"https:\/\/invictaelectric.is\/index.php\/product\/micro-merlin\/\"]}]},{\"@type\":\"BreadcrumbList\",\"@id\":\"https:\/\/invictaelectric.is\/index.php\/product\/micro-merlin\/#breadcrumb\",\"itemListElement\":[{\"@type\":\"ListItem\",\"position\":1,\"name\":\"Home\",\"item\":\"https:\/\/invictaelectric.is\/\"},{\"@type\":\"ListItem\",\"position\":2,\"name\":\"Shop\",\"item\":\"https:\/\/invictaelectric.is\/index.php\/shop\/\"},{\"@type\":\"ListItem\",\"position\":3,\"name\":\"Micro Merlin\"}]},{\"@type\":\"WebSite\",\"@id\":\"https:\/\/invictaelectric.is\/#website\",\"url\":\"https:\/\/invictaelectric.is\/\",\"name\":\"Invicta electric \u00e1 \u00cdslandi\",\"description\":\"\",\"potentialAction\":[{\"@type\":\"SearchAction\",\"target\":{\"@type\":\"EntryPoint\",\"urlTemplate\":\"https:\/\/invictaelectric.is\/?s={search_term_string}\"},\"query-input\":\"required name=search_term_string\"}],\"inLanguage\":\"is\"}]}<\/script>\n<!-- \/ Yoast SEO plugin. -->","yoast_head_json":{"title":"Micro Merlin - Invicta electric \u00e1 \u00cdslandi","robots":{"index":"noindex","follow":"follow","max-snippet":"max-snippet:-1","max-image-preview":"max-image-preview:large","max-video-preview":"max-video-preview:-1"},"og_locale":"is_IS","og_type":"article","og_title":"Micro Merlin - Invicta electric \u00e1 \u00cdslandi","og_description":"&nbsp; \u00cd bo\u00f0i \u00ed fors\u00f6lu, fyrsta sending lendir \u00ed annari viku j\u00fan\u00ed! Sterkasta rafmagnshlaupahj\u00f3li\u00f0 fyrir krakka og unglinga Invicta Electric","og_url":"https:\/\/invictaelectric.is\/index.php\/product\/micro-merlin\/","og_site_name":"Invicta electric \u00e1 \u00cdslandi","article_modified_time":"2021-06-16T16:59:40+00:00","og_image":[{"width":1600,"height":1068,"url":"https:\/\/invictaelectric.is\/wp-content\/uploads\/2021\/05\/MicroMerlinSide.jpg","type":"image\/jpeg"}],"twitter_card":"summary_large_image","twitter_misc":{"Est. reading time":"1 minute"},"schema":{"@context":"https:\/\/schema.org","@graph":[{"@type":"WebPage","@id":"https:\/\/invictaelectric.is\/index.php\/product\/micro-merlin\/","url":"https:\/\/invictaelectric.is\/index.php\/product\/micro-merlin\/","name":"Micro Merlin - Invicta electric \u00e1 \u00cdslandi","isPartOf":{"@id":"https:\/\/invictaelectric.is\/#website"},"datePublished":"2021-05-24T18:05:32+00:00","dateModified":"2021-06-16T16:59:40+00:00","breadcrumb":{"@id":"https:\/\/invictaelectric.is\/index.php\/product\/micro-merlin\/#breadcrumb"},"inLanguage":"is","potentialAction":[{"@type":"ReadAction","target":["https:\/\/invictaelectric.is\/index.php\/product\/micro-merlin\/"]}]},{"@type":"BreadcrumbList","@id":"https:\/\/invictaelectric.is\/index.php\/product\/micro-merlin\/#breadcrumb","itemListElement":[{"@type":"ListItem","position":1,"name":"Home","item":"https:\/\/invictaelectric.is\/"},{"@type":"ListItem","position":2,"name":"Shop","item":"https:\/\/invictaelectric.is\/index.php\/shop\/"},{"@type":"ListItem","position":3,"name":"Micro Merlin"}]},{"@type":"WebSite","@id":"https:\/\/invictaelectric.is\/#website","url":"https:\/\/invictaelectric.is\/","name":"Invicta electric \u00e1 \u00cdslandi","description":"","potentialAction":[{"@type":"SearchAction","target":{"@type":"EntryPoint","urlTemplate":"https:\/\/invictaelectric.is\/?s={search_term_string}"},"query-input":"required name=search_term_string"}],"inLanguage":"is"}]}},"_links":{"self":[{"href":"https:\/\/invictaelectric.is\/index.php\/wp-json\/wp\/v2\/product\/10832","targetHints":{"allow":["GET"]}}],"collection":[{"href":"https:\/\/invictaelectric.is\/index.php\/wp-json\/wp\/v2\/product"}],"about":[{"href":"https:\/\/invictaelectric.is\/index.php\/wp-json\/wp\/v2\/types\/product"}],"version-history":[{"count":4,"href":"https:\/\/invictaelectric.is\/index.php\/wp-json\/wp\/v2\/product\/10832\/revisions"}],"predecessor-version":[{"id":11313,"href":"https:\/\/invictaelectric.is\/index.php\/wp-json\/wp\/v2\/product\/10832\/revisions\/11313"}],"wp:featuredmedia":[{"embeddable":true,"href":"https:\/\/invictaelectric.is\/index.php\/wp-json\/wp\/v2\/media\/11089"}],"wp:attachment":[{"href":"https:\/\/invictaelectric.is\/index.php\/wp-json\/wp\/v2\/media?parent=10832"}],"wp:term":[{"taxonomy":"product_cat","embeddable":true,"href":"https:\/\/invictaelectric.is\/index.php\/wp-json\/wp\/v2\/product_cat?post=10832"},{"taxonomy":"product_tag","embeddable":true,"href":"https:\/\/invictaelectric.is\/index.php\/wp-json\/wp\/v2\/product_tag?post=10832"}],"curies":[{"name":"wp","href":"https:\/\/api.w.org\/{rel}","templated":true}]}}